73?
5
What is the remainder when 251 is divided by 16?
11
What is the remainder when 123 is divided by 75?
48
What is the remainder when 240 is divided by 47?
5
Calculate the remainder when 114 is divided by 30.
24
Calculate the remainder when 283 is divided by 26.
23
What is the remainder when 55 is divided by 4?
3
What is the remainder when 1282 is divided by 86?
78
Calculate the remainder when 4887 is divided by 13.
12
Calculate the remainder when 1475 is divided by 106.
97
What is the remainder when 291 is divided by 99?
93
What is the remainder when 260 is divided by 61?
16
What is the remainder when 197 is divided by 18?
17
What is the remainder when 242 is divided by 27?
26
Calculate the remainder when 3724 is divided by 207.
205
What is the remainder when 3022 is divided by 216?
214
What is the remainder when 47 is divided by 37?
10
What is the remainder when 94 is divided by 57?
37
What is the remainder when 7151 is divided by 48?
47
What is the remainder when 508 is divided by 80?
28
What is the remainder when 153 is divided by 11?
10
Calculate the remainder when 9267 is divided by 61.
56
Calculate the remainder when 34 is divided by 26.
8
What is the remainder when 2623 is divided by 16?
15
What is the remainder when 192 is divided by 42?
24
Calculate the remainder when 484 is divided by 59.
12
What is the remainder when 152 is divided by 31?
28
Calculate the remainder when 1459 is divided by 146.
145
Calculate the remainder when 1648 is divided by 50.
48
Calculate the remainder when 317 is divided by 16.
13
Calculate the remainder when 729 is divided by 17.
15
What is the remainder when 246 is divided by 48?
6
What is the remainder when 13 is divided by 3?
1
What is the remainder when 459 is divided by 209?
41
What is the remainder when 49 is divided by 9?
4
Calculate the remainder when 169 is divided by 87.
82
What is the remainder when 373 is divided by 25?
23
Calculate the remainder when 383 is divided by 12.
11
Calculate the remainder when 239 is divided by 41.
34
Calculate the remainder when 18 is divided by 12.
6
Calculate the remainder when 26 is divided by 9.
8
Calculate the remainder when 51 is divided by 35.
16
Calculate the remainder when 196 is divided by 41.
32
Calculate the remainder when 638 is divided by 30.
8
What is the remainder when 53 is divided by 28?
25
Calculate the remainder when 15452 is divided by 5148.
8
Calculate the remainder when 300 is divided by 139.
22
What is the remainder when 527 is divided by 66?
65
What is the remainder when 80 is divided by 18?
8
What is the remainder when 132 is divided by 34?
30
Calculate the remainder when 458 is divided by 5.
3
Calculate the remainder when 1007 is divided by 162.
35
What is the remainder when 40 is divided by 2?
0
Calculate the remainder when 573 is divided by 187.
12
Calculate the remainder when 423 is divided by 8.
7
Calculate the remainder when 109 is divided by 21.
4
What is the remainder when 104 is divided by 21?
20
Calculate the remainder when 120 is divided by 56.
8
Calculate the remainder when 783 is divided by 49.
48
Calculate the remainder when 569 is divided by 42.
23
Calculate the remainder when 873 is divided by 35.
33
Calculate the remainder when 33 is divided by 9.
6
What is the remainder when 82 is divided by 15?
7
Calculate the remainder when 62415 is divided by 103.
100
Calculate the remainder when 359 is divided by 14.
9
Calculate the remainder when 650 is divided by 182.
104
What is the remainder when 277 is divided by 14?
11
Calculate the remainder when 93 is divided by 27.
12
Calculate the remainder when 488 is divided by 241.
6
What is the remainder when 671 is divided by 88?
55
Calculate the remainder when 9177 is divided by 287.
280
What is the remainder when 1733 is divided by 126?
95
What is the remainder when 250 is divided by 85?
80
Calculate the remainder when 445 is divided by 102.
37
Calculate the remainder when 10346 is divided by 79.
76
What is the remainder when 37 is divided by 10?
7
Calculate the remainder when 456 is divided by 88.
16
What is the remainder when 245 is divided by 6?
5
What is the remainder when 33 is divided by 14?
5
What is the remainder when 174 is divided by 40?
14
What is the remainder when 4190 is divided by 127?
126
What is the remainder when 396 is divided by 76?
16
What is the remainder when 638 is divided by 72?
62
What is the remainder when 2287 is divided by 10?
7
What is the remainder when 57 is divided by 3?
0
Calculate the remainder when 412 is divided by 67.
10
Calculate the remainder when 1233 is divided by 207.
198
Calculate the remainder when 21498 is divided by 125.
123
What is the remainder when 69 is divided by 41?
28
What is the remainder when 101 is divided by 13?
10
Calculate the remainder when 537 is divided by 242.
53
Calculate the remainder when 2803 is divided by 4.
3
What is the remainder when 2252 is divided by 19?
10
What is the remainder when 488 is divided by 35?
33
What is the remainder when 375 is divided by 169?
37
What is the remainder when 1602 is divided by 107?
104
Calculate the remainder when 171 is divided by 54.
9
Calculate the remainder when 1168 is divided by 26.
24
What is the remainder when 4133 is divided by 685?
23
Calculate the remainder when 134 is divided by 46.
42
Calculate the remainder when 197 is divided by 9.
8
What is the remainder when 307 is divided by 75?
7
What is the remainder when 23181 is divided by 173?
172
What is the remainder when 2876 is divided by 59?
44
Calculate the remainder when 563 is divided by 113.
111
Calculate the remainder when 578 is divided by 86.
62
What is the remainder when 28 is divided by 4?
0
Calculate the remainder when 8925 is divided by 36.
33
What is the remainder when 862 is divided by 36?
34
What is the remainder when 1006 is divided by 63?
61
Calculate the remainder when 117 is divided by 22.
7
Calculate the remainder when 1277 is divided by 21.
17
Calculate the remainder when 83 is divided by 36.
11
Calculate the remainder when 410 is divided by 32.
26
What is the remainder when 565 is divided by 85?
55
What is the remainder when 164 is divided by 70?
24
What is the remainder when 61 is divided by 35?
26
Calculate the remainder when 899 is divided by 40.
19
What is the remainder when 288 is divided by 115?
58
What is the remainder when 2934 is divided by 495?
459
What is the remainder when 786 is divided by 25?
11
Calculate the remainder when 10 is divided by 4.
2
What is the remainder when 60 is divided by 33?
27
What is the remainder when 290 is divided by 73?
71
What is the remainder when 364 is divided by 93?
85
What is the remainder when 9460 is divided by 182?
178
What is the remainder when 5092 is divided by 14?
10
What is the remainder when 1951 is divided by 43?
16
What is the remainder when 493 is divided by 196?
101
What is the remainder when 224 is divided by 61?
41
What is the remainder when 303 is divided by 31?
24
What is the remainder when 42 is divided by 23?
19
What is the remainder when 12316 is divided by 97?
94
What is the remainder when 2767 is divided by 146?
139
What is the remainder when 1999 is divided by 100?
99
What is the remainder when 1138 is divided by 565?
8
Calculate the remainder when 1025 is divided by 49.
45
Calculate the remainder when 218 is divided by 44.
42
Calculate the remainder when 1988 is divided by 131.
23
What is the remainder when 2044 is divided by 28?
0
What is the remainder when 1175 is divided by 29?
15
Calculate the remainder when 2564 is divided by 17.
14
What is the remainder when 4303 is divided by 35?
33
What is the remainder when 296 is divided by 104?
88
Calculate the remainder when 642 is divided by 50.
42
Calculate the remainder when 63315 is divided by 44.
43
Calculate the remainder when 536 is divided by 20.
16
Calculate the remainder when 79 is divided by 51.
28
What is the remainder when 42 is divided by 23?
19
Calculate the remainder when 290 is divided by 195.
95
Calculate the remainder when 8351 is divided by 380.
371
What is the remainder when 621 is divided by 13?
10
What is the remainder when 164 is divided by 55?
54
Calculate the remainder when 230 is divided by 18.
14
Calculate the remainder when 357 is divided by 196.
161
Calcu